factor of 355 and 71.
71
What is the highest common factor of 140 and 460?
20
Calculate the greatest common factor of 432 and 1344.
48
What is the highest common divisor of 459 and 3009?
51
Calculate the highest common factor of 4579 and 114.
19
Calculate the greatest common divisor of 32 and 304.
16
Calculate the highest common divisor of 106 and 159.
53
What is the greatest common divisor of 18 and 930?
6
Calculate the greatest common divisor of 189 and 14.
7
What is the highest common divisor of 150 and 5010?
30
What is the highest common divisor of 349 and 1?
1
What is the highest common factor of 51 and 27?
3
Calculate the greatest common divisor of 6 and 2.
2
What is the highest common factor of 1930 and 80?
10
What is the highest common divisor of 4212 and 52?
52
What is the highest common factor of 98 and 245?
49
Calculate the greatest common divisor of 616 and 182.
14
Calculate the greatest common divisor of 276 and 4002.
138
What is the highest common divisor of 14 and 7?
7
What is the highest common divisor of 115 and 7245?
115
What is the greatest common factor of 3075 and 287?
41
What is the highest common factor of 1161 and 473?
43
What is the greatest common factor of 42 and 1050?
42
Calculate the greatest common factor of 771 and 21331.
257
Calculate the highest common factor of 999 and 111.
111
What is the highest common factor of 9 and 261?
9
What is the highest common divisor of 3021 and 57?
57
What is the highest common factor of 5 and 145?
5
Calculate the highest common divisor of 888 and 3330.
222
What is the greatest common divisor of 93 and 12?
3
What is the highest common divisor of 6 and 81?
3
What is the greatest common divisor of 3 and 237?
3
What is the highest common divisor of 519 and 3?
3
What is the highest common factor of 27548 and 284?
284
Calculate the greatest common factor of 5488 and 448.
112
Calculate the greatest common divisor of 1155 and 33.
33
What is the greatest common factor of 885 and 135?
15
What is the greatest common factor of 2070 and 120?
30
Calculate the highest common divisor of 17 and 20060.
17
Calculate the greatest common factor of 1232 and 336.
112
What is the greatest common divisor of 400 and 75?
25
Calculate the highest common divisor of 6 and 21.
3
Calculate the greatest common divisor of 208 and 858.
26
What is the greatest common factor of 74 and 370?
74
Calculate the highest common factor of 48 and 504.
24
Calculate the highest common factor of 81 and 657.
9
What is the greatest common divisor of 8656 and 16?
16
What is the greatest common divisor of 1872 and 1352?
104
Calculate the greatest common factor of 4 and 1028.
4
Calculate the greatest common divisor of 2771 and 68.
17
What is the greatest common divisor of 65 and 234?
13
What is the highest common factor of 78 and 2535?
39
What is the highest common divisor of 14 and 91294?
14
What is the greatest common divisor of 299 and 322?
23
Calculate the greatest common factor of 184 and 207.
23
What is the highest common divisor of 12 and 2028?
12
Calculate the greatest common divisor of 1008 and 360.
72
What is the highest common divisor of 186 and 294?
6
Calculate the greatest common factor of 8 and 341.
1
Calculate the highest common factor of 1372 and 112.
28
Calculate the greatest common factor of 146 and 365.
73
What is the highest common factor of 23 and 1081?
23
What is the highest common divisor of 32 and 64?
32
Calculate the greatest common factor of 32 and 2528.
32
Calculate the highest common divisor of 124 and 341.
31
Calculate the greatest common factor of 28 and 2758.
14
Calculate the highest common factor of 27 and 11691.
27
What is the highest common divisor of 182 and 71526?
182
Calculate the highest common divisor of 216 and 1800.
72
Calculate the greatest common factor of 84 and 48.
12
What is the greatest common factor of 551 and 58?
29
Calculate the highest common factor of 138 and 3450.
138
What is the highest common divisor of 600 and 24?
24
Calculate the greatest common divisor of 696 and 2175.
87
Calculate the greatest common divisor of 25 and 1675.
25
What is the highest common factor of 7 and 7070?
7
Calculate the highest common divisor of 128 and 5056.
64
Calculate the highest common divisor of 572 and 2106.
26
What is the greatest common factor of 51 and 10149?
51
What is the highest common factor of 18 and 99?
9
Calculate the greatest common divisor of 39 and 1053.
39
Calculate the highest common factor of 150 and 2550.
150
Calculate the highest common factor of 39 and 65.
13
Calculate the highest common divisor of 6255 and 90.
45
What is the greatest common divisor of 735 and 180?
15
Calculate the greatest common divisor of 6963 and 33.
33
What is the greatest common factor of 26269 and 241?
241
Calculate the highest common divisor of 570 and 1020.
30
What is the greatest common factor of 18 and 62838?
18
What is the highest common factor of 32 and 41632?
32
Calculate the greatest common factor of 102 and 1122.
102
Calculate the highest common factor of 9072 and 42.
42
Calculate the greatest common factor of 50 and 275.
25
Calculate the greatest common divisor of 868 and 28.
28
What is the highest common factor of 124 and 775?
31
Calculate the greatest common divisor of 1703 and 13.
13
What is the highest common divisor of 8 and 1488?
8
Calculate the highest common divisor of 738 and 18.
18
Calculate the highest common factor of 899 and 116.
29
Calculate the greatest common factor of 122 and 549.
61
Calculate the highest common factor of 456 and 627.
57
What is the highest common factor of 95 and 86545?
95
What is the highest common factor of 45 and 285?
15
What is the greatest common divisor of 6204 and 132?
132
What is the greatest common factor of 24 and 1?
1
Calculate the highest common factor of 741 and 39.
39
What is the greatest common divisor of 481 and 178451?
481
What is the highest common factor of 621 and 5?
1
Calculate the highest common divisor of 57 and 13281.
57
Calculate the greatest common divisor of 856 and 3317.
107
Calculate the greatest common factor of 45 and 1179.
9
Calculate the highest common factor of 17 and 2414.
17
Calculate the greatest common divisor of 304 and 95.
19
What is the highest common factor of 9 and 387?
9
What is the greatest common divisor of 29 and 5?
1
Calculate the greatest common factor of 33 and 759.
33
Calculate the greatest common factor of 704 and 184.
8
Calculate the greatest common factor of 180 and 72.
36
What is the highest common factor of 19 and 2869?
19
Calculate the greatest common factor of 756 and 28.
28
What is the greatest common factor of 14824 and 136?
136
Calculate the highest common factor of 136 and 3400.
136
What is the greatest common divisor of 54 and 648?
54
Calculate the greatest common factor of 27 and 216.
27
Calculate the highest common factor of 3961 and 85.
17
What is the greatest common divisor of 893 and 152?
19
What is the highest common divisor of 21142 and 66?
22
Calculate the greatest common divisor of 20 and 36.
4
Calculate the highest common divisor of 64 and 20.
4
What is the greatest common factor of 5 and 505?
5
What is the highest common divisor of 245 and 40?
5
What is the greatest common divisor of 171 and 40413?
57
Calculate the greatest common factor of 50 and 6.
2
What is the greatest common factor of 11 and 341?
11
What is the greatest common divisor of 897 and 2001?
69
What is the highest common factor of 23 and 230?
23
What is the greatest common factor of 2469 and 3?
3
What is the highest common factor of 540 and 12?
12
Calculate the greatest common factor of 20 and 3840.
20
What is the greatest common factor of 837 and 27?
27
Calculate the highest common factor of 77 and 143.
11
Calculate the highest common factor of 7 and 161.
7
Calculate the greatest common divisor of 1722 and 42.
42
What is the highest common factor of 72 and 351?
9
Calculate the highest common factor of 294 and 13426.
98
Calculate the greatest common factor of 635 and 5.
5
Calculate the greatest common factor of 212 and 3498.
106
Calculate the highest common divisor of 134 and 1809.
67
Calculate the greatest common factor of 75 and 50.
25
Calculate the greatest common factor of 85 and 765.
85
What is the greatest common 